 3. Suppose -d + 4*d - 99 = b. Is d a prime number?
False
Let k be ((-6)/(-2))/(12/16). Suppose c + 33 = k*c. Is c a prime number?
True
Let i be (-944)/6 + 6/(-9). Is (4 + i)*(-1)/2 a prime number?
False
Suppose g - 3*i = -0*g - 4, -i = 5*g - 12. Suppose 5*c = u + 2, g*c = -3*u - 0*u + 79. Is u a composite number?
False
Suppose 4*u = -h + 7, 2*h = h - 1. Suppose -2*t = 6, 2*l - 105 = -l + u*t. Is l a prime number?
False
Let t(h) = 2*h + 1. Let g be t(1). Is 359/g + 4/(-6) a composite number?
True
Let d = 3 + -1. Suppose -714 = -d*q - 5*y - 288, 2*y = -8. Is q prime?
True
Suppose -5*h - 1 + 16 = 0. Suppose -4*l + h*f - 13 = 0, 2*l - 2*f + 7*f - 13 = 0. Is 19 - (1 + (-4 - l)) composite?
True
Is (-4)/(-18) - 19454/(-18) a prime number?
False
Let s = -4 + 8. Is (-1*14)/(s/(-22)) a composite number?
True
Let o(l) be the first derivative of 25*l**2 - 15*l + 9. Is o(14) prime?
False
Suppose -3*j - 5 = -0*j + y, 0 = -5*j - 5*y - 15. Suppose -8*a + 2 = -7*a. Is 1/j*a + 17 prime?
False
Let y(m) = -m**3 - 4*m**2 + 5*m + 2. Let n be y(-5). Let d = 21 + 83. Suppose -p + n*z + z = -d, 69 = p + 4*z. Is p a prime number?
True
Let d(h) be the second derivative of -h**4/12 + 7*h**3/6 - 7*h**2/2 - h. Let j be d(5). Let t = j - -3. Is t a composite number?
True
Suppose -5*l - 790 = 3*y, 3*l + 4*y + 765 - 280 = 0. Is (l/(-4))/((-2)/(-8)) a composite number?
True
Let p be 1/(-2)*-4 + 26. Let i = p - 14. Is i prime?
False
Let m(k) = -4*k + 1. Suppose 28 - 76 = 4*j. Is m(j) a composite number?
True
Suppose 0 = 4*i - 2898 + 814. Is i a composite number?
False
Let i(m) = 34*m**2 + 2*m - 1. Let x(j) = -j + 4. Let l be x(3). Is i(l) composite?
True
Suppose 207 = 3*d - 78. Is d a prime number?
False
Suppose -5*m = -2*m. Suppose m = 2*u - 78 - 76. Is u composite?
True
Let u be 2 - -1*(3 - 2). Suppose -c + 5*h + 189 = 0, -u*c + 1057 = 2*c + 3*h. Is c a prime number?
False
Suppose -p - 564 = -18. Is (p/105)/(2/(-10)) a prime number?
False
Is (1 + -2)/((-7)/70) prime?
False
Let z be 60/8*(-4)/(-6). Let a be (64/5)/(1/5). Let y = z + a. Is y a prime number?
False
Suppose -1816 + 550 = -6*s. Is s a prime number?
True
Let d be ((-15)/(-10))/(1/2). Suppose 0 = -d*k - 2*k. Suppose 2*l + 2*l - 740 = k. Is l a prime number?
False
Let b(g) = 5*g**2 - 20*g - 37. Is b(-18) prime?
False
Let k be ((-4)/(-6))/((-18)/(-135)). Suppose k*y + r = 55, -y + 15 = 5*r + 4. Let u = y + 3. Is u a composite number?
True
Let k = 4 + -20. Let d = k + 35. Suppose 0*n = n - d. Is n a prime number?
True
Let v(i) = 10*i**2 + 7*i - 7. Let g be v(7). Let f = g - 269. Is f composite?
False
Is 5/(80/79 - 1) a prime number?
False
Let a(c) = -2*c**3 + 4*c**2 + 2. Let f be a(3). Let d be ((-1)/2)/(1/f). Is (-2)/(-5) + d/5 a prime number?
True
Let r = -257 + 418. Is r composite?
True
Let c(a) = a**3 + 2*a - 1. Let y be c(1). Suppose -t + y = -2*t. Let w = t - -5. Is w composite?
False
Is ((-383)/(-2))/(34/340) composite?
True
Let i(c) = 2*c**2 + 5*c - 2. Let w be i(-5). Let t = -13 + w. Is t prime?
False
Let m = 161 + 24. Is m a prime number?
False
Is ((-16)/(-4) + -273)*-1 a composite number?
False
Let p be ((-2)/(-2))/((-7)/49). Let u = p + 17. Is u composite?
True
Let j = -15 - -3. Let y(l) = -l**2 - 12*l + 10. Is y(j) a prime number?
False
Suppose -13*n + 43 = -48. Is n composite?
False
Let p(c) = -10 - 2*c + 4*c**2 + 3 + 0*c**2. Is p(5) composite?
False
Let w be (0/(-4))/(-2 - -1). Is (w - -1)/((-9)/(-873)) prime?
True
Suppose -2*z + 21 = -0*z + 5*j, 4*z - 4*j = -28. Is (0 - -2)/z + 16 a composite number?
True
Let h = -50 + 56. Is h a composite number?
True
Let n = 4 - 4. Suppose -5*k = -2*m - 1049, n = -3*k + 2*m + 328 + 299. Is k composite?
False
Let i = -14 - -71. Is i a composite number?
True
Let y(w) be the first derivative of w**2 + 4*w - 3. Is y(3) a composite number?
True
Let w be (3/2)/(3/(-4)). Let m be w/(-4) + (-1130)/4. Let b = -199 - m. Is b a composite number?
False
Suppose -2*g + 5*b + 241 = 0, g - 119 = -b + 2*b. Suppose -4*y + g = f - 63, 3*f - 4*y - 559 = 0. Is f composite?
True
Suppose -t - 2*t = 0. Suppose -5*m + 4 - 14 = t. Is (-77)/(-5) - m/(-5) composite?
True
Suppose -2*r - 2 = -q - 5, -3*q + 4*r + 1 = 0. Let j = 5 + q. Suppose 3*s - 4*c = j, -s + 7 - 3 = 4*c. Is s composite?
True
Suppose 19*u - 14943 - 7724 = 0. Is u prime?
True
Let d be -3*(-1)/(-2)*2. Let i(a) = a + 7. Let r be i(d). Let l(v) = -v**3 + 3*v**2 + 5*v. Is l(r) prime?
False
Let w(f) = 79*f**2. Is w(-1) a composite number?
False
Suppose 4*n + 5*x - 17 = 0, 4*n - 2*x + 13 = -x. Let t be n - 0 - (2 - -5). Is 2/t + (-764)/(-36) composite?
True
Let p(f) = -f**2 - 5*f + 8. Let k be p(-6). Suppose -k*a + 475 = 1747. Let l = a + 1105. Is l a prime number?
False
Suppose -365 - 15 = 4*p. Let f = -35 - p. Suppose -k + f + 17 = 0. Is k a prime number?
False
Let v(s) = -s**3 - 9*s**2 + 7*s - 11. Suppose a + 50 = -4*a. Is v(a) a prime number?
True
Let q = 12 - -33. Suppose -3 = -3*s, -5*s = -4*a - 10*s + q. Suppose 5*u - 195 = -a. Is u a prime number?
True
Let n(z) = 2*z**2 - 11. Let b be n(8). Suppose -r - 3*y + b = 0, r = 5*y - 48 + 149. Is r a prime number?
False
Let d(n) = -2*n**3 - 5*n**2 + 2*n. Let f be d(-4). Suppose 24 = j - f. Let b = j + -45. Is b composite?
False
Suppose 7*y - 15071 = -0*y. Is y a prime number?
True
Suppose 5*v - 3*r = 733, 2*v = -v + 4*r + 442. Let q = 29 + -96. Let p = v + q. Is p composite?
False
Let v(n) = -n. Let a(d) = 3*d + 1. Let c(p) = -2*a(p) - 7*v(p). Let o be c(3). Is o/(-5) - (-156)/5 prime?
True
Let t = 27 - 24. Let u(b) = 1 + 3 - 5 + 4*b**2. Is u(t) a composite number?
True
Suppose 12 = 2*b - n - n, -4*n = 3*b + 3. Suppose -b*f + 194 = -f. Is f a composite number?
False
Is 1/((-17544)/17547 - -1) a composite number?
False
Suppose 0 = -2*t + 4*h + 22, 2*h + 5 = -3*t - 2. Let u be (0 - t)/((-2)/172). Suppose 3*s = 4*a + 91, 0*s + 3*s - u = 5*a. Is s composite?
False
Suppose d - 4*w = 20, -2*d + 4*w + 44 = 2*d. Let q = d - 3. Suppose q*m - 890 + 105 = 0. Is m a prime number?
True
Is (-1 - 37)*(-44)/8 a prime number?
False
Suppose 0 = -u + 2*u - 24. Suppose -3*l + 4 = -o, 0*o + 2*o = l - 18. Let t = o + u. Is t prime?
False
Suppose 9*h = 7*h + 284. Is h a composite number?
True
Suppose 5*q + 35 = -20. Let d = -34 - q. Let o = 58 + d. Is o prime?
False
Let h be 2 - (0 - 2)*-1. Suppose h = p - 4*o, 2*o = -3*p + 3*o. Suppose 3*r - c = -3*c + 579, p = -r - c + 194. Is r a composite number?
False
Suppose -q = -3*q + 10. Suppose -q*v - 270 = 1090. Let i = v + 385. Is i a composite number?
False
Let s be -6*(-2 + (-3)/(-2)). Suppose 0 = -s*h - 2*h + 215. Is h a composite number?
False
Let n = 18054 + -7685. Is n a composite number?
False
Let o(m) = 2*m**2 - 2*m + 3. Let z be o(2). Suppose x = -z*v + 5*v + 23, -2*x = -v - 21. Let f = -6 + x. Is f prime?
True
Let x(t) = -3*t**3 - 2*t + 8. Let s be x(4). Let g = s - -338. Is g composite?
True
Let l be ((-6)/(-4))/((-9)/(-1104)). Is l/(-6)*3/(-2) prime?
False
Let m = 324 + -53. Is m composite?
False
Suppose 320 = 5*v - 770. Let g = v - 33. Is g composite?
True
Let k(c) = 4*c. Let x be k(1). Suppose -10 + 4 = -3*m. Suppose -o + 49 = 4*h, 0 = m*o - 9*h + x*h - 46. Is o composite?
True
Let p(r) = -22*r - 3. Suppose -4 = -5*n + 2*w + 11, 5*n + w = 0. Let d be n/(-2)*-2 + -5. Is p(d) composite?
True
Let r(i) = 0*i + 7 + 0*i - 3*i. Let s(m) = 7*m - 14. Let y(l) = 5*r(l) + 2*s(l). Is y(0) prime?
True
Let g(y) = 21*y**2 + 34*y + 3. Is g(-14) a composite number?
False
Let i(y) = -y - 8. Let k be 2/(-5) + (-38)/5. Let o be i(k). Suppose 3*v + 2*v - 95 = o. Is v a prime number?
True
Suppose 0*y = -4*y + 4. Suppose 3*d = -2*x + 3, -4*x = -7*x - d + y. Suppose 3*c - 3*f - 108 = x, -5*f + 146 = 5*c - 24. Is c prime?
False
Let j(z) = 7 + 3*z**3 - 3*z**2 - 3*z**3 - z**3. Let b be 3*(-10)/4 + (-18)/(-12). Is j(b) a prime number?
False
Let y be 196/16 - 1/4. Suppose -3*k = 2*o - 0*o - 8, -5*k + 3*o - y = 0. Is 36 - (-1 - (k + 0)) composite?
False
Suppose k = 223 + 72. Suppose -99 = 4*l - k. Is l a prime number?
False
Is (6/18)/(2/(-6))*-211 a composite number?
False
Suppose 4 = 3*r - 2*r. Suppose 0 = r*p + 26 - 74. Is (2 - p)*11/(-2) composite?
True
Suppose 710 = 2*r + 176. Suppose r = -4*h + 5*h. Is (-8)/(-12)*h/2 prime?
True
Suppose 3*b - 67 = 5*s, -4*s - 51 - 1 = 